-t. Let w(h) = -3*h - 4*h + 0*h - n*h**2 - 4 - h**3. What is w(-5)?
6
Let w(b) = 6*b - 1. Let h = 1 - 6. Let o(g) = -13*g + 1. Let i(q) = h*w(q) - 2*o(q). Determine i(3).
-9
Let t(d) = d**2 - 7*d + 8. Let a(m) = m**3 + 3*m**2 - 6*m - 2. Suppose -4*v = -s - v - 7, 3*s + 2*v = -10. Let n be a(s). Calculate t(n).
2
Let c(o) = -o + 1. Let i = -151 + 155. Calculate c(i).
-3
Suppose 4 = -0*z - 2*z. Let d be 3/2*(z + 0). Let s(x) be the first derivative of x**3/3 + 3*x**2/2 + 4*x + 2. What is s(d)?
4
Let q(t) be the first derivative of t**3/3 + 4*t**2 + t + 1. Suppose -7*b - 25 = -2*b. Give q(b).
-14
Suppose 0 = 5*l + 2*x - 38, -4*x + x + 24 = 2*l. Let z(q) = q - 7. Determine z(l).
-1
Suppose -j - 4 = -l, 3*l - j + 2 = 6. Let w(s) be the third derivative of -s**5/60 - 2*s**3/3 + s**2 - 7*s. Determine w(l).
-4
Let m = -1 - -4. Suppose -5*u = m*y - 27, 2*u - 4*u - 5*y = -7. Let j(b) = -7*b. Let g(z) = 8*z + 1. Let c(a) = u*g(a) + 7*j(a). Determine c(5).
1
Let i(y) = y - 1. Let t(k) = -2*k + 2. Let r(u) = -8*i(u) - 5*t(u). Suppose 8*z - 74 = 3*z + v, 0 = -4*z - 5*v + 36. Let n be z/(-6) + 6/(-9). Give r(n).
-8
Let u(p) = p**2 + 10*p + 12. Let m be u(-8). Let f(g) = g**2 + g - 4. What is f(m)?
8
Let r(l) = -2*l + 1. Let z(t) = -t + 3. Let b be z(2). Let f(p) = 2*p. Let v be f(b). Let j be (-24)/(-16) + (-5)/v. Give r(j).
3
Let v(x) = -x + 2. Let w be v(0). Let m(d) = w + 16*d - 3 - 15*d. What is m(-6)?
-7
Let a(j) = -j**3 + 4*j**2 + j + 5. Let b = -28 - -32. Give a(b).
9
Let g(d) = -d + 1. Suppose 5*q + 24 = 4*u, 2*q - 3*u = -2*q - 19. Let p be 7/(-14) - 22/q. Give g(p).
-4
Let f = 60 - 60. Let k(i) = 4*i - 1. Let h(z) = -7*z + 2. Let n(g) = 3*h(g) + 5*k(g). Give n(f).
1
Suppose x - 4*w - 28 = w, 5*x + 10 = -5*w. Suppose -x*m = -0*m + 12. Let r(n) = -n**3 - 5*n**2 - n + 5. Determine r(m).
-7
Let a(g) = 5*g**3 - 15*g**2 + g + 19. Let o(b) = 3*b**3 - 8*b**2 + 10. Let t(x) = 4*a(x) - 7*o(x). What is t(-4)?
-10
Let q(y) be the first derivative of -y**4/6 + y**3/3 - y**2/2 - 2*y + 2. Let t(p) be the first derivative of q(p). What is t(2)?
-5
Let n(o) be the third derivative of -o**6/120 + o**5/12 + o**4/6 + 7*o**3/6 - 6*o**2. Calculate n(6).
-5
Let x(v) = -v + 5 - 2 - 4. Let q(b) = -b**3 - 6*b**2 - 6*b - 4. Let y be q(-5). Let g be y*0*(0 + -1). Give x(g).
-1
Let v(d) = 3 + 2*d - 1 + 0 + 1. What is v(-4)?
-5
Let c(b) = -9*b**2 + b + 8. Let o(w) = 5*w**2 - 4. Let q(u) = 6*c(u) + 11*o(u). Let t be 6/(-2) + 6/(-3). What is q(t)?
-1
Let d(i) = -i**2 - 5*i + 4. Suppose 4*x = 9*x. Let a be (x + -2 - -1) + -5. Give d(a).
-2
Let d(h) = 4*h. Let p be (3/(-9))/((-4)/24). Give d(p).
8
Let h be (19/1 - 2) + -1. Suppose 0 = -2*a - n + 2*n - 2, 0 = 4*n - h. Let i(c) be the second derivative of 7*c**3/6 - 12*c. What is i(a)?
7
Let o be -4 - 1*(-9)/(1 - -2). Let l(z) = z + 1. What is l(o)?
0
Suppose 0 = 4*q + 12 + 8. Let z(s) = -s**3 - 5*s**2 - 3*s - 1. What is z(q)?
14
Suppose 5 - 5 = 7*t. Let q(j) = -j. Let m(r) = 6*r - 1. Let l(c) = -m(c) - 5*q(c). Determine l(t).
1
Let d(p) = -p - 7. Let b = 13 - 10. Let f be (0 + b)*8/(-6). Determine d(f).
-3
Suppose -39*i = -9*i. Let v(r) be the first derivative of r**4/4 + r**3/3 - 9*r - 2. Give v(i).
-9
Let y = 41 + -36. Let c(q) = -2*q. What is c(y)?
-10
Let b(j) be the second derivative of j**3/6 - 5*j**2/2 + 4*j. Let q be (-13)/(-5) + (-2)/(-5). Suppose -2 = 4*h + u, q*h - 2*h + 4*u = -8. Calculate b(h).
-5
Let t be (-4)/7 + (-60)/(-56). Let y(q) be the second derivative of -1/3*q**3 + t*q**2 + 0 + 2*q. Give y(-2).
5
Let v(m) = -m**2 - 8*m - 4. Let x(y) = -y**3 - 10*y**2 - 8*y + 1. Let f be x(-9). Calculate v(f).
-4
Suppose 3*a - 3*d = 9, 4*a - d - 12 = -0*a. Let m = -16 + 11. Let g = a + m. Let j(b) = -b**2 - 4*b - 2. What is j(g)?
2
Let b(u) = u**3 + 11*u**2 - 13*u - 9. Let i be b(-12). Let x(o) = 7 + 3*o + 4 + o**2 - 8 - o**i + 0*o. Give x(3).
-6
Let m be 16/24 + 4/3. Let g(b) = -b**3 + 2*b**2 - 4*b + 3. Give g(m).
-5
Suppose -3*q - 2*q = -15. Let t(v) = 2*v**2 + v**2 - q*v**2 + 2 + 2*v - v**2. Give t(3).
-1
Let f be 323/(-51) - 4/6. Let o(q) = q**3 + 6*q**2 - 7*q + 5. Give o(f).
5
Let r(u) = -u**3 - 18*u**2 + u + 21. Let t be r(-18). Let l(q) be the first derivative of -1/3*q**t - 3/2*q**2 + 2 - 2*q. What is l(-4)?
-6
Let d be (-3)/6*-2 - -2. Let f(y) = -y**2 - 5*y - 9. Let u(k) = k**2 + 4*k + 10. Let q(x) = d*f(x) + 2*u(x). Give q(-5).
3
Suppose 2*i + 3*u - 20 = -0*u, 3*i + 5*u - 32 = 0. Let m(r) = -r**2 + 5*r. Calculate m(i).
4
Let u be (-2)/2*1 + -14 + 11. Let d(o) = -o**3 - 4*o**2 + 3*o + 3. Calculate d(u).
-9
Let p(n) = n**3 + 4*n**2 + 4*n - 1. Let k be (2/6)/((-5)/(-60)). Suppose -4*x + 8 = -k*w, -2*x - w - 31 = 4*w. Determine p(x).
-4
Let s(i) be the third derivative of i**4/24 + i**3 - 5*i**2. Calculate s(-4).
2
Let z = 14 + -8. Let a be 2/(-1 + z/4). Let u(m) = 5*m**2 + 4*m + 5. Let r(v) = 4*v**2 + 4*v + 5. Let j(g) = -6*r(g) + 5*u(g). Determine j(a).
-5
Let s(k) = -10*k**2 + 3*k - 6. Let v(f) = 9*f**2 - 2*f + 5. Let q(g) = -4*s(g) - 5*v(g). Let o = 0 - 0. Let a(t) = t**3 + t - 1. Let j be a(o). Give q(j).
-4
Suppose -4*a - 8 = -4*t - 36, 3*t = -a - 5. Suppose a*q + 6 = -2*c, 0 = -4*c - 2*q - 0*q - 6. Let m(h) = h**3 - 2*h**2 - 2*h - 1. Give m(c).
-2
Let j(b) = b**2 + 8*b - 3. Let z be j(-8). Let y be (6/5)/((-12)/(-30)). Let v(p) = y*p**2 + p - 4 + 2*p**3 + 7 - p**3 + 0*p**3. Give v(z).
0
Let k(v) = v - 4. Let i(j) = j**2 - 2*j + 5. Let l be i(0). Determine k(l).
1
Let b(v) = v + 10. Let j be b(-7). Suppose 3*p = -4*g - 16, 5*p + 23 = -6*g + j*g. Let f(z) = z**2 + 4*z + 3. Give f(p).
3
Let w be 1 + 3 + (-2 - 0). Let y be (w/1)/2*3. Let b(c) = -2*c + 2 - 2*c - c**2 + 3*c. Calculate b(y).
-10
Let b(i) = i**3 + 2*i**2 + i + 4. Suppose 0 = -y - 4*y + 30. Suppose -l + y = -3*l. Determine b(l).
-8
Let v(g) be the third derivative of -g**8/6720 + g**7/630 + g**6/120 - 7*g**5/120 - g**4/6 - 2*g**2. Let l(q) be the second derivative of v(q). Calculate l(5).
-2
Let u(h) = -h**3 + 5*h**2 + h - 1. Suppose 12*l - 56 - 4 = 0. Calculate u(l).
4
Let k(n) = -1 + 2*n**2 + 1. Suppose 3*j + 28 = -4*u, 7*j - 3*u + 21 = 4*j. Let h(b) = -b**3 - 8*b**2 - b - 9. Let l be h(j). Determine k(l).
2
Let f(w) = w**3 - w**2 + w - 6. Suppose -r - 3*r = -16. Let v(c) = 4*c - 2*c**2 - 2*c**2 + 3*c**2. Let s be v(r). Give f(s).
-6
Let k = 6 - 11. Let s = k - -7. Let f(u) = u**3 - u**2 - u - 1. Let o(m) = 3*m**3 - 5*m**2 - 4*m - 2. Let l(b) = -4*f(b) + o(b). Calculate l(s).
-10
Let g = 2 + 4. Suppose 1 = 5*s + g. Let h(v) = -5*v**2 + 1. What is h(s)?
-4
Let s(l) = -l**2 - 7*l - 4. Suppose -3*z + 12 = -0*z. Suppose -k = k - z. Suppose p + 4 = k*p, 4*t + 32 = 3*p. Give s(t).
6
Let s(o) = -o**2 - 2*o - 3. Let a = 6 - 1. Suppose k + 3 = 4*k - 3*l, -l + 3 = -a*k. Let d = k + -2. What is s(d)?
-6
Suppose -5*w + 3*w + 2 = 0. Let c be -3*(-1 - (1 - w)). Let k(l) = 6*l**2 + 20*l + 15. Let h(b) = b**2 + 4*b + 3. Let o(g) = -11*h(g) + 2*k(g). What is o(c)?
-6
Let g(s) = 0*s**2 - 9*s + 0*s - s**2 - 4 + 0*s**2. Give g(-6).
14
Let z be (1*-4)/(-3 - -2). Suppose 0 = z*c + 5 + 7. Let p(r) = 10*r + 5. Let v(d) = -2*d - 1. Let j(w) = -2*p(w) - 11*v(w). Give j(c).
-5
Suppose -5*x = -3*s - 6, -3*s + 8 = 4*x - 13. Let h(d) = -d**3 + 2*d**2 + d - 4. What is h(x)?
-10
Suppose l - 5 = 2*n - 3*n, -1 = -2*l + n. Let o(w) = 3*w**2 - w - 2. Let a(t) = -4*t**2 + 2*t + 3. Let h(s) = l*a(s) + 3*o(s). Determine h(-1).
0
Let j(t) be the second derivative of t**4/6 + t**2/2 - 4*t. Let y be j(1). Let u(d) = -5*d**2 - 4*d. Let v(w) = -w. Let a(l) = y*v(l) - u(l). Calculate a(-1).
4
Let w(z) = -2. Let v(h) = -2*h**2 - 3*h + 4. Let d be v(-3). Let u = d + 4. Let i(b) = -b. Let r(s) = u*w(s) + i(s). What is r(3)?
-1
Let y = 1 - 1. Let h(f) = f**3 + 3*f - f + 2 - 2*f. Determine h(y).
2
Let u(s) = -2*s**3 + 3*s**2 + 3*s. Let w be u(-2). Suppose 0*y - 2*p = -3*y - w, -4*y - 36 = -4*p. Let q(d) = -d - 6. Give q(y).
-2
Let o(z) be the third derivative of z**6/120 - z**5/60 - 2*z**2. Let f(a) = -4*a**3 + 7*a**2 - 1. Let c(y) = f(y) + 3*o(y). Determine c(4).
-1
Let q = 1 - 1. Let s(u) = u + 4. Let x(l) = -4*l - 13. Let k(i) = 7*s(i) + 2*x(i). Determine k(q).
2
Let a(g) = -5 + 114*g**3 - 115*g**3 - g**2 + 1. Give a(0).
-4
Let g = -3 - 0. Suppose 5*w + 4*l = 16, 4*l - 5 = -2*w - 1. Let m(s) = -s